1 + -24140?
-130251
In base 10, what is -1261692 + -114?
-1261806
In base 12, what is 137a9 + -19a?
1360b
In base 11, what is -8997 - -697?
-8300
In base 3, what is 221 + 11020110110?
11020111101
In base 10, what is -77 + 433481?
433404
In base 15, what is 1b200bb - 8?
1b200b3
In base 10, what is 173243016 - 2?
173243014
In base 4, what is 222110 + 223312?
1112022
In base 9, what is 1208718700 + -4?
1208718685
In base 12, what is 6b13854 - 1a?
6b13836
In base 13, what is -1 + 1741cb?
1741ca
In base 2, what is -10101111011111100010011011010 - 10?
-10101111011111100010011011100
In base 5, what is 343424 - -321?
344300
In base 13, what is a + -582752?
-582745
In base 4, what is 21 + -1032212010?
-1032211323
In base 6, what is -445 + -320102?
-320551
In base 15, what is 7babc + -52?
7ba6a
In base 5, what is 32014 - -10141?
42210
In base 13, what is 52a34b59 + -2?
52a34b57
In base 8, what is 3075 - -26002?
31077
In base 13, what is -10 - ca637?
-ca647
In base 7, what is 11 - 136246142?
-136246131
In base 5, what is -1341211 + -200044?
-2041310
In base 6, what is -532 + 230123522?
230122550
In base 4, what is -1130333303032 + 10?
-1130333303022
In base 6, what is 12543 + 115403?
132350
In base 15, what is ca - d297?
-d1bc
In base 13, what is -2c - 2a9a59?
-2a9a88
In base 15, what is -c - 15a0b8?
-15a0c5
In base 7, what is 311 - -3345261?
3345602
In base 16, what is -103e7d - 13?
-103e90
In base 7, what is 24 + 134603641?
134603665
In base 10, what is -93 + 289528?
289435
In base 8, what is -4 - -5524665?
5524661
In base 5, what is -412404320 + 23?
-412404242
In base 7, what is 34401 - 2013?
32355
In base 9, what is -6535274 - 48?
-6535333
In base 5, what is -2010 - 404414012?
-404421022
In base 13, what is -629 - 13424?
-13a50
In base 9, what is 26435 - 325?
26110
In base 5, what is 1020 + -1013302200?
-1013301130
In base 2, what is 11 - -1011101001000000?
1011101001000011
In base 14, what is 10d + 6a2d?
6b3c
In base 9, what is 115 - -35505302?
35505417
In base 14, what is -13 + 4d129?
4d116
In base 15, what is -2d838 + e?
-2d829
In base 5, what is -11102443 + -242?
-11103240
In base 16, what is -34017 - 91?
-340a8
In base 9, what is 1034 - -136420?
137454
In base 14, what is -227b3666 - -2?
-227b3664
In base 9, what is -4180600 - 436?
-4181136
In base 16, what is 5 + -11304ea?
-11304e5
In base 4, what is 1032231 + 2123?
1101020
In base 12, what is -4 - -995a997?
995a993
In base 4, what is 100233002022233 + 11?
100233002022310
In base 14, what is 3 + -4d35c42?
-4d35c3d
In base 12, what is 427b8a7 - -2?
427b8a9
In base 6, what is 424 + -3145001?
-3144133
In base 14, what is 569b7aa + -5?
569b7a5
In base 12, what is 1563b9 - a?
1563ab
In base 12, what is -25438 + 40?
-253b8
In base 8, what is 11 + -23416420?
-23416407
In base 11, what is 1418 + -641?
887
In base 6, what is -11332233254 + 11?
-11332233243
In base 6, what is 10053500 - -301?
10054201
In base 16, what is a118e - d?
a1181
In base 5, what is 1132123 - 10324?
1121244
In base 15, what is -162d + -b942?
-d070
In base 14, what is -ba + -6cd064?
-6cd140
In base 5, what is -41411104220 - 2?
-41411104222
In base 5, what is 2 + 42023310101?
42023310103
In base 3, what is -1201121202021 + 2000?
-1201121200021
In base 16, what is -56cae - 4e0?
-5718e
In base 8, what is 0 + -204107255?
-204107255
In base 15, what is 2c0075c - 2?
2c0075a
In base 9, what is 6872688 + 100?
6872788
In base 4, what is -110001121 + 132322?
-103202133
In base 12, what is 571 + -49b0?
-443b
In base 6, what is -143321 + -31411?
-215132
In base 4, what is 11222330 + -1010330?
10212000
In base 10, what is -2 - 12818094?
-12818096
In base 3, what is 101110012101011 - 112?
101110012100122
In base 7, what is -215 + -2553250?
-2553465
In base 13, what is 820a014 - -8?
820a01c
In base 5, what is 1431412334002 - -10?
1431412334012
In base 10, what is 22 + 1058264?
1058286
In base 3, what is 21202 - 20022112202?
-20022021000
In base 16, what is 0 - 5d88a1d?
-5d88a1d
In base 9, what is -12 + -1182?
-1204
In base 14, what is 6 + -cc6b73c?
-cc6b736
In base 4, what is -202 + -1022213231?
-1022220033
In base 8, what is -662641 + -127?
-662770
In base 16, what is -1e724a + -5?
-1e724f
In base 10, what is 6329 + 407?
6736
In base 14, what is 1da4486 + -5?
1da4481
In base 3, what is 212202 + 2020021022?
2021011001
In base 10, what is 3759369 - 4?
3759365
In base 5, what is 132002324 - 40?
132002234
In base 14, what is -5aa0 - a8?
-5b68
In base 12, what is -4024078 + 7?
-4024071
In base 4, what is -10003 + -333222230?
-333232233
In base 5, what is 24003424 - -1100?
24010024
In base 2, what is -101 + -1001010100011101000010111?
-1001010100011101000011100
In base 11, what is 264 + 98097?
98350
In base 12, what is 1 + -223a4348?
-223a4347
In base 5, what is 21041324 + 4111?
21100440
In base 3, what is -112200 + 2212112?
2022212
In base 14, what is 2 + 592d2?
592d4
In base 16, what is -4 - 72c87c?
-72c880
In base 6, what is -122 + 1342303135?
1342303013
In base 6, what is 3144345300 - -11?
3144345311
In base 14, what is -7 - b6a3027?
-b6a3030
In base 15, what is -2a5 - -957c1?
9551b
In base 13, what is -bb - 40c17?
-41005
In base 15, what is -132bb - 4e1?
-137ac
In base 3, what is -20002100220 + -1111202?
-20010212122
In base 2, what is 1011101100111100 - 111010?
1011101100000010
In base 2, what is 100000000 + -11000100010?
-10100100010
In base 8, what is -673222 - 6?
-673230
In base 8, what is -31606 + -217?
-32025
In base 12, what is 5 - 286b402?
-286b3b9
In base 7, what is -12266542 + 136?
-12266403
In base 16, what is -68 - 368a0?
-36908
In base 10, what is -1 + -7497685?
-7497686
In base 2, what is 10110111100111101001 - -1100?
10110111100111110101
In base 8, what is 10 + -37601303?
-37601273
In base 3, what is -202010011020 - 1002?
-202010012022
In base 13, what is -921778 - 3?
-92177b
In base 12, what is 57752 - -935?
58487
In base 8, what is 102 + 151174?
151276
In base 4, what is -122 - 1012123222001?
-1012123222123
In base 3, what is 10221100 + 22222201?
110221001
In base 7, what is 55 + -10316425?
-10316340
In base 11, what is -6482 - -4585?
-19a8
In base 6, what is -1 - 115142154?
-115142155
In base 11, what is -34548868 - -6?
-34548862
In base 7, what is 1532043 - 53?
1531660
In base 5, what is 2014013343 + 21?
2014013414
In base 2, what is -11100111010 + -1100111100110101010?
-1101000000011100100
In base 8, what is 6064277553 - 3?
6064277550
In base 12, what is -166 - 4286?
-4430
In base 3, what is -11100022110 + -101000010?
-11201022120
In base 12, what is -27a95b - 5?
-27a964
In base 9, what is 81 + 44412428?
44412520
In base 11, what is -3310a + -3445?
-36554
In base 9, what is -34580 - 330?
-35020
In base 15, what is 3 - -616538?
61653b
In base 15, what is -2975e3 - -b?
-2975d7
In base 12, what is 2a1 - -12ab92?
12b273
In base 8, what is 1506 + -264163?
-262455
In base 4, what is -10 + -1022101032?
-1022101102
In base 13, what is 15911 + 70b?
1631c
In base 13, what is 318 + -1404?
-10b9
In base 12, what is -102 + -2803?
-2905
In base 4, what is 3121 + 20032321?
20102102
In base 2, what is 1110000010010000101110100 + 110?
1110000010010000101111010
In base 5, what is -3424 + 40334?
31410
In base 9, what is 485 + 10701?
11286
In base 6, what is 5514445 - -12145?
5531034
In base 2, what is -101010010101 - 1111000110000?
-10100011000101
In base 10, what is 358707526 - -2?
358707528
In base 11, what is -43741 + -689?
-4431a
In base 3, what is 102021 - 12002210110?
-12002101012
In base 7, what is -3 - 25233505?
-25233511
In base 15, what is -1d91 + -a2c9?
-c16a
In base 15, what is 3 - -1a0690?
1a0693
In base 14, what is 57b6b34 - 9?
57b6b29
In base 10, what is 240657002 + 6?
240657008
In base 13, what is -3ab75 + 11c?
-3aa56
In base 16, what is 5d0 - -e24?
13f4
In base 12, what is -30398b43 - -4?
-30398b3b
In base 14, what is -175 - 9b6?
-b4b
In base 9, what is 26832370 + 5?
26832375
In base 11, what is 1 + -44922681?
-44922680
In base 2, what is -1011100101100110010 + -11110?
-1011100101101010000
In base 15, what is -713e + 2a98?
-4596
In base 7, what is 33016026 + 22?
33016051
In base 13, what is -5236603 - 0?
-5236603
In base 9, what is -17470 - -233?
-17236
In base 15, what is -215287 - 8?
-215290
In base 2, what is -1110111010